0240 + -3210?
-13450
In base 8, what is -176020 - -3?
-176015
In base 3, what is -122220102 - 0?
-122220102
In base 3, what is -1000212 + 12001?
-211211
In base 13, what is -2153a4 + 0?
-2153a4
In base 6, what is -21 + -21032?
-21053
In base 4, what is 3 + -13231311?
-13231302
In base 7, what is -5 - -626103?
626065
In base 2, what is 11111101111110 + 10010000?
100000000001110
In base 16, what is 1 + 19cfa2?
19cfa3
In base 11, what is 12 - -1948?
195a
In base 5, what is -32243 + 1?
-32242
In base 6, what is -11 + 42434?
42423
In base 8, what is 13563 + -44?
13517
In base 15, what is -1260 - -667?
-ae8
In base 4, what is -123313230 + -10?
-123313300
In base 10, what is -39 + 116?
77
In base 7, what is 3 - -441455?
441461
In base 2, what is -1100000010110100 + 1101010?
-1100000001001010
In base 3, what is 11 + -222222211201?
-222222211120
In base 8, what is 5 - 733743?
-733736
In base 6, what is -301045 + -5?
-301054
In base 2, what is -10101 - 111111001101?
-111111100010
In base 4, what is -1312 + -2011?
-3323
In base 7, what is 120 + 4112?
4232
In base 11, what is -51 - -3590?
353a
In base 5, what is -12 + -4214142?
-4214204
In base 2, what is 1000000 + -110011000?
-101011000
In base 3, what is -2202011 - -10?
-2202001
In base 2, what is -100 + 1001110101001000?
1001110101000100
In base 11, what is -5 - 10523?
-10528
In base 15, what is 12b6 - 5?
12b1
In base 13, what is -6 + 59718?
59712
In base 7, what is -12353 + -15?
-12401
In base 5, what is 120133 + 11033?
131221
In base 8, what is -171510 + 60?
-171430
In base 16, what is -2 + 7d6f4?
7d6f2
In base 12, what is -5 + 56839?
56834
In base 7, what is 352 + -1461?
-1106
In base 2, what is 10110110001100 - 11001111?
10110010111101
In base 9, what is 66286 + 4?
66301
In base 11, what is -687482 + 5?
-687478
In base 9, what is 20402 + 11?
20413
In base 9, what is 5612 + -128?
5473
In base 2, what is 10011100010111111011 - -100?
10011100010111111111
In base 6, what is 242131 + -5?
242122
In base 13, what is 195a25 + 5?
195a2a
In base 10, what is 32 + -7201?
-7169
In base 7, what is -23 + 2342?
2316
In base 9, what is 1174664 - 0?
1174664
In base 6, what is 1154 - -2004?
3202
In base 16, what is -2b06 + 5?
-2b01
In base 11, what is -6 + -4501?
-4507
In base 12, what is 150 - 288?
-138
In base 9, what is 237073 + -8?
237064
In base 13, what is -30a9 + -35?
-3111
In base 8, what is -14 + -12631?
-12645
In base 14, what is 3 + -33db?
-33d8
In base 5, what is -12 + -131332?
-131344
In base 16, what is -5 + 199dd?
199d8
In base 12, what is -5 + -306b4?
-306b9
In base 3, what is 212010111102 + 10?
212010111112
In base 13, what is 3685 - -6?
368b
In base 11, what is -42 + 1181?
113a
In base 11, what is 33a9 + 94?
3492
In base 13, what is 0 + 4b13?
4b13
In base 8, what is 33177 + 0?
33177
In base 14, what is 6ba - -87?
763
In base 16, what is -2 + 16d3?
16d1
In base 6, what is -21040 + -13?
-21053
In base 16, what is -1e0 + 9a?
-146
In base 7, what is -56 - 6101?
-6160
In base 15, what is d6 - 167?
-81
In base 2, what is 1 - -101101110011?
101101110100
In base 2, what is 111000001000101 + -11?
111000001000010
In base 2, what is 11000001110110 - 10000?
11000001100110
In base 9, what is -3353 + -14?
-3367
In base 12, what is 5 + 2b022?
2b027
In base 12, what is -11 + -b57?
-b68
In base 2, what is -101011001 + 10101?
-101000100
In base 15, what is 5 - -b6?
bb
In base 15, what is -5 - 8363?
-8368
In base 10, what is 13 + -2843?
-2830
In base 5, what is 3312 + -423?
2334
In base 4, what is -3102321 + 3?
-3102312
In base 10, what is -1643 + -16?
-1659
In base 10, what is -65 + 22332?
22267
In base 6, what is -34510 - -2?
-34504
In base 11, what is -12 + 11aa5?
11a93
In base 4, what is 30132130 + 113?
30132303
In base 12, what is -3073b - -9?
-30732
In base 10, what is -296 - -6723?
6427
In base 2, what is -101 - -10001100011?
10001011110
In base 9, what is 121885 - 3?
121882
In base 16, what is ca74 - -5?
ca79
In base 15, what is -20 + -4a7?
-4c7
In base 8, what is -410 - 645?
-1255
In base 14, what is 2 + 458?
45a
In base 16, what is -180 + -1f0?
-370
In base 2, what is 1010100010101 - 1101110?
1010010100111
In base 15, what is -e017 + 1?
-e016
In base 14, what is -4890c + -4?
-48912
In base 8, what is 5 + 3435?
3442
In base 3, what is -100 - -221120?
221020
In base 8, what is -130 + 707?
557
In base 16, what is -1cc + -5?
-1d1
In base 9, what is -2045 + -43?
-2088
In base 7, what is -23 - 115161?
-115214
In base 7, what is -3 + 1062525?
1062522
In base 13, what is -37 - -91?
57
In base 2, what is 10110000001111100111 + -100?
10110000001111100011
In base 14, what is 317 - -3b5?
6cc
In base 3, what is 1002002102 - 1101?
1002001001
In base 4, what is -121310301 - 31?
-121310332
In base 4, what is 11201003 + 2?
11201011
In base 2, what is -1111001000110110011 + 101?
-1111001000110101110
In base 2, what is 1000010110111110 - 11?
1000010110111011
In base 14, what is -2738 + b4?
-2664
In base 5, what is 324343 + -23?
324320
In base 2, what is 10011001 - -110000?
11001001
In base 8, what is 102074 - 5?
102067
In base 4, what is 103 - 1123?
-1020
In base 7, what is -3251 + -2242?
-5523
In base 9, what is 37 + 21831?
21868
In base 12, what is -2061 + -2?
-2063
In base 9, what is 236822 + 17?
236840
In base 7, what is 5 + 43240?
43245
In base 2, what is 1 - -11001101111001?
11001101111010
In base 3, what is 102 + -110001120?
-110001011
In base 3, what is -10 - -1020222001?
1020221221
In base 4, what is -103 + -1023001?
-1023110
In base 9, what is -45151 + -3?
-45154
In base 5, what is 32 + 42443?
43030
In base 7, what is -23 + -15235?
-15261
In base 14, what is 60 + -1ac0?
-1a60
In base 15, what is -17 + -287dd?
-28805
In base 8, what is -15256 - -15?
-15241
In base 7, what is 5150 + -530?
4320
In base 15, what is 4a03 - 9?
49e9
In base 3, what is 1111 - -220122?
222010
In base 10, what is -4 + -243303?
-243307
In base 4, what is -11233 - -2023?
-3210
In base 15, what is 34d60 - -2?
34d62
In base 3, what is 22002021101 - 0?
22002021101
In base 11, what is 854 - 152?
702
In base 5, what is 13 - 30411133?
-30411120
In base 2, what is -110010000100110010 - -11?
-110010000100101111
In base 7, what is 22 - 460003?
-456651
In base 2, what is -101011011 - 11011110?
-1000111001
In base 6, what is -305 + 15013?
14304
In base 8, what is 44007 + -2?
44005
In base 3, what is -1 - 10002122?
-10002200
In base 16, what is -381 + 3?
-37e
In base 14, what is 34 - 549a?
-5466
In base 7, what is 113531 + 24?
113555
In base 3, what is -10101022 - -20?
-10101002
In base 11, what is 10 + 65aa6?
66006
In base 2, what is 110010011110000011 + -11?
110010011110000000
In base 5, what is 244034 + -1414?
242120
In base 15, what is -25d + 2?
-25b
In base 10, what is -44 - 513?
-557
In base 15, what is 12 + 2e79?
2e8b
In base 4, what is -3 - 30?
-33
In base 10, what is -718 + 2968?
2250
In base 8, what is 11510 + -1?
11507
In base 2, what is 11011101101 - 10111011?
11000110010
In base 7, what is -4361445 - -3?
-4361442
In base 6, what is 102 + -3504?
-3402
In base 4, what is -130302 + -10321?
-201223
In base 11, what is 47 - -10791?
10828
In base 3, what is 11221 + -100212?
-11221
In base 10, what is 685 + 1863?
2548
In base 7, what is -1244 + 305?
-636
In base 13, what is -1cc87 + 8?
-1cc7c
In base 16, what is -408 + 2d?
-3db
In base 8, what is 106337 + 46?
106405
In base 7, what is 152 - -161?
343
In base 6, what is 1445005 - 10?
1444555
In base 6, what is 3514 + 5532?
13450
In base 8, what is -7 - 202666?
-202675
In base 16, what is -1 + 2f48?
2f47
In base 2, what is 10010001111001 + -110?
10010001110011
In base 3, what is 20120222 - 20200?
20100022
In base 10, what is -18908 + -37?
-18945
In base 8, what is -4 - 3147523?
-3147527
In base 2, what is -10100 - -111000000111?
110111110011
In base 6, what is 3201031 - -5?
3201040
In base 10, what is -1553 - 87?
-1640
In base 2, what is -101 - 110000111000?
-110000111101
In base 7, what is -4232 + 520?
-3412
In base 10, what is -2565 - -246?
-2319
In base 13, what is 0 - 213c93?
-213c93
In base 2, what is 11000010110 - 1010111?
10110111111
In base 10, what is -13655 - 0?
-13655
In base 3, what is -1212001120012 - 10?
-1212001120022
In base 5, what is 12 + -1432124?
-1432112
In base 3, what is 0 + 